is the greatest common divisor of 132003 and 27?
27
What is the greatest common divisor of 13 and 13?
13
Calculate the greatest common factor of 10 and 760.
10
What is the highest common factor of 76 and 19?
19
What is the greatest common factor of 82 and 1271?
41
What is the greatest common factor of 496 and 24?
8
Calculate the greatest common divisor of 54 and 270.
54
Calculate the highest common divisor of 35 and 7.
7
Calculate the greatest common factor of 87 and 348.
87
What is the highest common divisor of 9 and 5?
1
What is the highest common divisor of 51 and 391?
17
What is the greatest common factor of 456 and 576?
24
Calculate the highest common divisor of 57 and 114.
57
What is the highest common divisor of 111 and 555?
111
What is the greatest common divisor of 96 and 256?
32
What is the greatest common factor of 17 and 8398?
17
What is the highest common factor of 7287 and 21?
21
Calculate the greatest common divisor of 147 and 336.
21
What is the greatest common divisor of 76 and 1748?
76
What is the highest common divisor of 1156 and 2108?
68
Calculate the highest common factor of 159 and 15.
3
Calculate the highest common factor of 5 and 235.
5
What is the greatest common divisor of 15 and 14?
1
What is the highest common divisor of 370 and 20?
10
Calculate the highest common divisor of 39075 and 50.
25
Calculate the greatest common factor of 165 and 33.
33
What is the greatest common divisor of 22 and 297?
11
What is the highest common divisor of 2548 and 24?
4
What is the highest common divisor of 84 and 2520?
84
Calculate the greatest common factor of 60 and 1035.
15
What is the greatest common factor of 574 and 980?
14
What is the highest common divisor of 6812 and 131?
131
What is the greatest common divisor of 1548 and 86?
86
Calculate the greatest common divisor of 4 and 108.
4
Calculate the greatest common factor of 70 and 14.
14
Calculate the highest common divisor of 377 and 232.
29
Calculate the greatest common divisor of 46 and 76498.
46
Calculate the highest common factor of 52 and 4.
4
What is the highest common factor of 50 and 2150?
50
Calculate the highest common factor of 259 and 7.
7
Calculate the highest common factor of 280 and 200.
40
What is the highest common divisor of 544 and 192?
32
What is the highest common factor of 18 and 603?
9
Calculate the greatest common factor of 426 and 710.
142
Calculate the highest common divisor of 31 and 1.
1
What is the greatest common factor of 140 and 1620?
20
Calculate the highest common factor of 840 and 240.
120
What is the greatest common divisor of 61 and 8?
1
Calculate the greatest common factor of 11356 and 51.
17
What is the greatest common divisor of 721 and 7?
7
What is the greatest common factor of 156 and 195?
39
Calculate the highest common factor of 24 and 21304.
8
Calculate the greatest common divisor of 120 and 19080.
120
Calculate the greatest common factor of 352 and 288.
32
Calculate the greatest common divisor of 143 and 156.
13
Calculate the highest common divisor of 17 and 51.
17
What is the highest common divisor of 112 and 728?
56
What is the highest common divisor of 69 and 9?
3
What is the highest common divisor of 55 and 65?
5
What is the highest common divisor of 48 and 5772?
12
Calculate the greatest common divisor of 14849 and 124.
31
Calculate the greatest common divisor of 64 and 3008.
64
Calculate the highest common factor of 1525 and 175.
25
What is the greatest common factor of 2058 and 12?
6
What is the greatest common divisor of 64 and 4?
4
What is the highest common divisor of 60 and 80?
20
What is the greatest common divisor of 500 and 350?
50
What is the highest common factor of 6 and 78?
6
Calculate the highest common divisor of 132 and 540.
12
Calculate the greatest common divisor of 162 and 918.
54
What is the greatest common divisor of 65 and 1040?
65
What is the highest common factor of 80 and 240?
80
Calculate the highest common factor of 230 and 14030.
230
Calculate the highest common factor of 405 and 81.
81
What is the highest common factor of 190 and 20?
10
What is the greatest common factor of 46176 and 78?
78
Calculate the highest common factor of 39 and 403.
13
Calculate the highest common divisor of 1183 and 728.
91
Calculate the highest common divisor of 305 and 244.
61
Calculate the highest common factor of 182 and 7.
7
What is the greatest common divisor of 99218 and 266?
266
What is the highest common divisor of 57 and 627?
57
Calculate the greatest common divisor of 70 and 590.
10
Calculate the greatest common divisor of 1798 and 62.
62
Calculate the highest common factor of 16 and 332.
4
What is the greatest common divisor of 4260 and 15?
15
What is the greatest common factor of 1175 and 75?
25
What is the highest common divisor of 148 and 407?
37
Calculate the highest common factor of 2736 and 16.
16
Calculate the highest common divisor of 93 and 465.
93
What is the highest common divisor of 254 and 6?
2
Calculate the greatest common divisor of 8965 and 55.
55
What is the highest common factor of 134 and 335?
67
Calculate the highest common factor of 33 and 2453.
11
What is the highest common factor of 4824 and 1728?
72
Calculate the highest common divisor of 2312 and 128.
8
Calculate the greatest common factor of 28 and 21028.
28
What is the greatest common divisor of 22899 and 51?
51
Calculate the greatest common divisor of 77 and 44.
11
What is the highest common factor of 178 and 1157?
89
What is the greatest common factor of 1786 and 94?
94
Calculate the greatest common divisor of 50 and 9140.
10
What is the greatest common divisor of 304 and 16?
16
Calculate the highest common factor of 1666 and 70.
14
Calculate the highest common divisor of 4 and 13.
1
Calculate the highest common divisor of 552 and 6.
6
What is the highest common divisor of 11567 and 129?
43
What is the greatest common divisor of 42 and 15099?
21
Calculate the highest common factor of 26 and 2626.
26
Calculate the greatest common divisor of 6060 and 108.
12
What is the highest common factor of 114 and 20311?
19
What is the greatest common factor of 432 and 240?
48
Calculate the greatest common divisor of 1529 and 11.
11
Calculate the highest common factor of 3161 and 29.
29
Calculate the highest common divisor of 3 and 354.
3
What is the highest common factor of 69 and 437?
23
Calculate the greatest common factor of 1768 and 408.
136
What is the highest common factor of 10028 and 109?
109
What is the highest common factor of 3969 and 18?
9
Calculate the greatest common divisor of 6 and 27.
3
What is the greatest common divisor of 2 and 81?
1
Calculate the greatest common divisor of 1495 and 65.
65
What is the highest common factor of 11258 and 52?
26
Calculate the greatest common divisor of 75 and 3225.
75
Calculate the highest common divisor of 624 and 432.
48
Calculate the highest common factor of 160 and 620.
20
What is the greatest common divisor of 1212 and 9?
3
What is the greatest common factor of 12950 and 1813?
259
Calculate the greatest common factor of 308 and 572.
44
What is the greatest common divisor of 16 and 108?
4
What is the greatest common divisor of 46 and 6693?
23
Calculate the greatest common divisor of 2 and 94.
2
Calculate the greatest common factor of 64 and 5728.
32
What is the highest common divisor of 7410 and 10?
10
Calculate the greatest common factor of 36 and 17964.
36
Calculate the highest common divisor of 3 and 303.
3
Calculate the highest common factor of 2499 and 102.
51
Calculate the highest common factor of 288 and 384.
96
What is the highest common divisor of 58 and 18966?
58
Calculate the greatest common factor of 150 and 330.
30
Calculate the greatest common factor of 777 and 1665.
111
Calculate the highest common divisor of 341 and 899.
31
What is the greatest common factor of 2937 and 33?
33
Calculate the greatest common divisor of 610 and 30.
10
What is the highest common divisor of 1712 and 368?
16
Calculate the highest common factor of 126 and 7119.
63
Calculate the greatest common factor of 14817 and 11.
11
Calculate the highest common factor of 25 and 200.
25
What is the greatest common divisor of 161 and 736?
23
What is the greatest common factor of 104 and 2600?
104
What is the